(a) = 3*k(a) + t(a). Calculate f(14).
-12
Let j(q) = q - 22. Let c(y) = y - 18. Let x(z) = -6*c(z) + 5*j(z). What is x(-11)?
9
Let a(x) be the second derivative of -x**6/360 - x**5/120 - x**4/8 - x**3 - 29*x. Let v(l) be the second derivative of a(l). What is v(-3)?
-9
Suppose -j = -2*v - 1, -25*j + 26*j - 1 = v. Let d(m) = -7*m + 6. Calculate d(v).
6
Let l be 35/20 + -2 - 21/(-12). Let j(s) be the second derivative of 0 + 1/12*s**4 - l*s**2 - s - 2/3*s**3. Calculate j(-2).
9
Let b(t) = t**3 + 8*t**2 - 19*t + 14. Let k be b(-10). Let d(j) = -j + 0 - 7 + k. What is d(5)?
-8
Let z(r) be the first derivative of 3/2*r**2 + 17 + 1/3*r**3 + 4*r. Suppose -4*l + 20 = -4*k, k - 5*l + 4 = 3*k. Determine z(k).
4
Let f be 8/(-4) - 35/(-5). Let y(d) = -2*d**3 - 8*d**2 - 9*d - 15. Let t(r) = r**3 + 4*r**2 + 4*r + 7. Let n(p) = f*t(p) + 2*y(p). What is n(-4)?
-3
Let h(m) = 3*m + 6. Let o(y) be the second derivative of -y**3/6 - y**2 - 7*y. Let x be o(4). Calculate h(x).
-12
Let j(r) = 3*r**3 + 25*r**2 - 7. Let c be j(-8). Let h = -59 + c. Let v(n) = n**2 + n. Determine v(h).
2
Let k be (-75)/(-6)*16/40. Suppose 5*m - 4*m - 2 = 0. Suppose -n + k = -m*d, 0*n - 20 = 4*n. Let c(b) = -b. Give c(d).
5
Let y(l) be the second derivative of 1/6*l**3 - l**2 + 0 - 5*l. What is y(-6)?
-8
Let f be 0 - (-21)/15 - (-6)/(-15). Suppose -5*t = -16 + f. Let h(x) = -x**3 + x**2 + 3*x. Determine h(t).
-9
Let a be -3 - (-5 + (-16)/4). Let p be a*(2/8 - (-7)/(-4)). Let o(z) = -z**3 - 8*z**2 + 8*z - 7. Determine o(p).
2
Let n(a) be the second derivative of a**3/2 - 13*a**2/2 + 20*a - 4. Determine n(6).
5
Let j(a) = -a**3 + 3*a**2 + 6*a - 8. Let l be j(4). Let g(o) = o**3 - o**2 + o + 8. Determine g(l).
8
Let w(m) = 4*m**3 + 7*m**2 + 8*m + 1. Let r(q) = q**3 + 2*q**2 + 1. Let l(h) = 5*r(h) - w(h). Determine l(-5).
-6
Let c(a) be the first derivative of a**4/4 - 5*a**3/3 + 7*a**2/2 - 6*a - 1. Let h = -237 - -241. Give c(h).
6
Let d(b) = b**2 + 7*b - 2 - 9*b + 7*b. Determine d(-7).
12
Let w(u) be the first derivative of -u**3/3 - u**2/2 - 16*u - 56. Let j(f) be the first derivative of w(f). Let i(d) = -3*d - 1. Let k be i(-1). Determine j(k).
-5
Let o be -4*3/((-3)/(-24)*3). Let a(b) = -b**2 - 34*b - 57. Determine a(o).
7
Let r(m) = m**3 - 2*m. Let a(z) = 4*z**3 - 6*z**2 - 4*z - 5. Let v(q) = a(q) - 3*r(q). What is v(6)?
7
Let r be 2/(-10) - 13/(715/(-231)). Let v(f) = -2*f**2 + 3*f + 5. Calculate v(r).
-15
Let w = 0 + 2. Let p(r) = 1 + 3 - w*r + 1 - 2. Suppose 5*u - 12 = u + 3*l, 5*u - 15 = 3*l. Determine p(u).
-3
Let w be (-153)/68 - (-3)/(-4). Let q(y) be the third derivative of y**4/12 - 2*y**3/3 + 5*y**2. Calculate q(w).
-10
Let p be 1*3 + (-12 - -13). Suppose 4*g - 9 = 3*a, 2*a + 0*a = 2. Let f(x) = -7 + g*x - p*x + 0*x. Calculate f(0).
-7
Let j(h) = -h**2 - 9*h - 18. Let d be (-6)/(-8) - (-81)/(-12). Calculate j(d).
0
Let m(h) = -2*h**2 + h - 1. Suppose -40*k - 30 = -30*k. Let q = 1 + k. Calculate m(q).
-11
Let n(v) = 344 + 4*v**3 - 5*v**2 + v - 5*v**3 - 343. Suppose 0*z + 3*z = -15. Determine n(z).
-4
Let a(y) = -y - 1. Suppose -3*x - 2*o - 121 = 0, -3*x = -3*o + 90 + 21. Let q = 37 + x. What is a(q)?
1
Let d(y) = -9*y**3 - y**2 + 8*y - 6. Let u(k) = -11*k**3 - k**2 + 9*k - 7. Let o(m) = -5*d(m) + 4*u(m). Give o(-2).
6
Let w(z) = -8*z**3 + 5*z - 2 - z**2 + 3*z**3 + 6*z**2 + 6*z**3. Calculate w(-4).
-6
Let j(a) = 3 + 4 + 2*a - 3*a - 10. Determine j(-6).
3
Suppose 0 = -60*f - 5*f + 65. Let v(d) = d**2 + 2*d - 5. Let q(b) = b**2 + 4*b - 9. Let h(k) = -4*q(k) + 7*v(k). Determine h(f).
2
Let d be 6/21 - 2/7. Suppose 0*l + 2*l - g - 8 = d, l = g + 4. Let k(y) = l*y + 6*y**2 + 5 + y**3 + 9 - 5*y - 8. Give k(-6).
12
Let l(b) = -3*b**3 + 9*b**2 - 14*b - 16. Let u(x) = x**3 - x**2 + 3*x + 1. Let s(k) = l(k) + 4*u(k). Determine s(-5).
-2
Let q(n) = -2*n**3 + 5*n**2 + 2*n. Let t be q(-4). Let f(w) = 0 - t*w + 6 + 201*w. Calculate f(-3).
3
Let l(a) = 15*a + 16. Let t be l(-3). Let y = 22 + t. Let p(m) = 4*m + 8. Determine p(y).
-20
Let y(c) = -7*c + 2. Let j(r) = 16*r - 5. Let s(q) = -3*j(q) - 7*y(q). Determine s(13).
14
Let b(t) = 5*t. Let x = 304 - 301. Give b(x).
15
Let d(l) be the second derivative of l**4/12 - 5*l**3/6 - l**2/2 + 17*l. Let y(f) = -f**2 + 8*f - 1. Let r be y(7). Calculate d(r).
5
Let q(l) = 3*l + 48. Let d be q(-16). Let u(z) = -z**2 - z + 4. Calculate u(d).
4
Let b be 5 - (5 + 2 + -5). Let m(u) = -6*u - 1 - 9*u + 17*u. What is m(b)?
5
Let x(d) = -3 + 3 + 3*d**2 + d - 3*d. Let u(i) be the first derivative of -7*i**3/3 + 5*i**2/2 + 2. Let w(m) = 2*u(m) + 5*x(m). What is w(2)?
4
Let d(b) = -b**2 - 12*b + 10. Let q(j) = -j**2 - 16*j + 38. Let l be q(-18). Let a be 3*(l + (-38)/6). Determine d(a).
-3
Let d = -1082 - -1084. Let t(i) = -i + 0*i**2 + 1 + 3*i**2 - 3*i**3 + 1. Calculate t(d).
-12
Suppose -51 = -2*k - k. Suppose 7 + k = 4*u. Let t(o) = -2*o**2 + 17*o + 1. Let m(l) = l**2 - 9*l - 1. Let i(p) = -5*m(p) - 3*t(p). Give i(u).
2
Let b(y) = -y**3 + 2*y**2 + 6*y - 7. Let m be 1/(-2)*(-18)/3. Let p be b(m). Let a(f) = -f**p - 8 - 7*f + 3 - 3. Give a(-6).
-2
Let d = 30 + -12. Let g = d - 12. Let v(r) be the first derivative of r**3/3 - 4*r**2 + 6*r - 10. Give v(g).
-6
Let s(m) = 3*m + 41 - 43 + m**3 + 2*m**2 + 0*m**3. What is s(-3)?
-20
Let o(c) = -2*c + 1. Suppose -r = -5*v + 4 + 11, -9 = -3*v + 3*r. Suppose v*i + 133 = 130. Give o(i).
3
Let l(d) = -2*d. Let u(h) = 23. Let b(v) = -v + 2. Let i(s) = -5*b(s) - u(s). Let z be i(6). What is l(z)?
6
Let i(o) = -o - 6. Let m be ((-513)/(-36))/((-6)/8). Determine i(m).
13
Let i(l) = -l - 66*l**3 + 29*l**3 - 2 + l**2 + 36*l**3. What is i(0)?
-2
Let f(q) = 7*q - 25*q + 10*q - q**3 + 8*q**2. Calculate f(7).
-7
Let j(l) = 35*l - 1376. Let u be j(39). Let h(i) = 12*i - 10*i**2 + 1 + 3 - i**3 + 2. Give h(u).
-5
Let u(h) = -5*h - 33. Let n(m) = 6*m + 31. Let r(a) = 3*n(a) + 2*u(a). What is r(-5)?
-13
Let c(n) = -2*n**2 + 7*n**3 + 1 - 51*n + 2 + 21*n + 32*n. Calculate c(-2).
-65
Suppose o - p = 2*p - 10, -2 = -o - 3*p. Let q(x) = -15*x + 5. Give q(o).
65
Let i(c) = -c**2 + c - 1. Let k(b) = b**2 - b - 1 - 2 + 4. Let o(h) = 2*i(h) + 3*k(h). Suppose 4*z = 4*g - 4, 4*z - 4 = g + 1. Calculate o(g).
7
Let g be ((-8)/28)/(2/(-14)). Let n be (g/6)/((-5)/30 + 0). Let r(p) = 3*p - 2. What is r(n)?
-8
Suppose -4*n - 3*z = -13, -5*n + 7*n = 2*z + 24. Let p(m) = -m + 19. Calculate p(n).
12
Let f be ((-33)/(-9) + -3)/(6/27). Let x(v) = v + 10*v**f + 3 - 3 + 0. What is x(-1)?
-11
Let x be -2 + (-1 - -1) + -1. Let l(j) = 5*j**2 + 4*j + 10. Let s(n) = 6*n**2 + 5*n + 11. Suppose -11*d - 66 = -0*d. Let q(z) = d*s(z) + 7*l(z). What is q(x)?
1
Let y = 143 - 144. Let s(p) = 10*p**3 - 2*p - 1. Calculate s(y).
-9
Let y(w) be the second derivative of -w**3/6 + 5*w**2/2 - w - 37. Calculate y(6).
-1
Suppose -9 = -9*v + 10*v - 3*a, 5*a + 29 = -2*v. Let r(q) = q**3 + 11*q**2 - 13*q - 11. Determine r(v).
1
Let d(g) be the third derivative of -g**6/120 - g**5/20 - g**4/12 - g**3/6 - 582*g**2. Suppose 3 = -2*u - 3. Give d(u).
5
Let c(j) be the third derivative of j**5/30 + j**4/12 - j**3 - 40*j**2 + j. Give c(-5).
34
Let m(d) = d**3 - 37*d**2 + 102*d - 5. Let l be m(34). Let t(g) = -2*g**2 - 8*g + 8. What is t(l)?
-2
Let c(d) be the third derivative of d**2 - 1/6*d**3 + 1/24*d**4 + 0 + 0*d. Let y(q) = q**2 + 25*q + 84. Let j be y(-21). Determine c(j).
-1
Let m(d) = 1 + d - 2*d - 3. Suppose t = -3*t + 28. Suppose -x + 42 = -t*x. What is m(x)?
5
Let i(z) = -3*z - 1. Let a(o) = 13*o + 3. Let b(v) = a(v) + 6*i(v). Let g(q) = -q**3 - q**2 - q - 2. Let s be g(0). What is b(s)?
7
Let k be ((-20)/8*2 - -1)/1. Let f(v) = -v + 1. Let i be f(k). Let r(h) = -h**2 + 6*h. Calculate r(i).
5
Let r(h) = -h**2 + 5*h + 5. Let v = 229 + -224. Calculate r(v).
5
Let m(z) = 2*z**2 - z. Suppose -5*n + 2 = -8. Let p be m(n). Let g(o) = 1 + 3*o - 1 + 7 - o**2 + 1. Give g(p).
-10
Let p(t) be the second derivative of t**3 - 21*t**2/2 + 24*t - 1. Let f be p(5). Let v(a) = a - 6. Determine v(f).
3
Let z = -118 - -117. Suppose 0 = -0*l + 3*l. Let d = z + l. Let k(t) = 8*t + 1. Calculate k(d).
-7
Let v(n) be the first derivative of -2*n**3/3 + 7*n**2/2 - 4*n - 1. Let f = 4 - 2. Let i be 5 + -5 + 2*f. What is v(i)?
-8
Let z = 830 + -823. Let s(k) = 5*k**2 - k - 1. Let w(r) = 6*r**2. Let t(g) =